{"id":51,"date":"2025-05-08T22:17:47","date_gmt":"2025-05-08T20:17:47","guid":{"rendered":"https:\/\/terraforme.com\/?page_id=51"},"modified":"2025-06-29T13:36:52","modified_gmt":"2025-06-29T11:36:52","slug":"formations-gros-bois","status":"publish","type":"page","link":"https:\/\/terraforme.com\/index.php\/formations-gros-bois\/","title":{"rendered":"Formations"},"content":{"rendered":"\n<p>Avec <a href=\"https:\/\/reseauxrivieres.org\/\" target=\"_blank\" rel=\"noreferrer noopener\">R\u00e9seaux Rivi\u00e8res<\/a>, nous proposons des formations sur la pr\u00e9paration des march\u00e9s, la conception et la r\u00e9alisation des chantiers utilisant du Gros Bois. Ces formations offrent aux gestionnaires, t\u00e9chniciens et ing\u00e9nieurs en France la transmission d\u2019expertise et d&#8217;exp\u00e9rience des praticiens d&#8217;autres pays ou ces pratiques sont courantes depuis des d\u00e9c\u00e9nies.<\/p>\n\n\n\n<p>En automne 2025, la premi\u00e8re vague de formations aura lieu (en anglais) exceptionellemment en pr\u00e9sence de Bob Gubernick du US Forest Service.<\/p>\n\n\n\n<hr class=\"wp-block-separator has-alpha-channel-opacity\"\/>\n\n\n\n<div style=\"height:22px\" aria-hidden=\"true\" class=\"wp-block-spacer\"><\/div>\n\n\n\n<figure class=\"wp-block-image aligncenter size-full is-resized is-style-default wp-duotone-1a4548-rgb516898-1\"><img loading=\"lazy\" decoding=\"async\" width=\"400\" height=\"126\" src=\"http:\/\/terraforme.com\/wp-content\/uploads\/2025\/05\/logo-Reseaux-Rivieres_400px.webp\" alt=\"R\u00e9seaux Rivi\u00e8res Logo\" class=\"wp-image-66\" style=\"width:294px;height:auto\" srcset=\"https:\/\/terraforme.com\/wp-content\/uploads\/2025\/05\/logo-Reseaux-Rivieres_400px.webp 400w, https:\/\/terraforme.com\/wp-content\/uploads\/2025\/05\/logo-Reseaux-Rivieres_400px-300x95.webp 300w\" sizes=\"auto, (max-width: 400px) 100vw, 400px\" \/><\/figure>\n\n\n\n<p><strong>1-3 octobre 2025<\/strong><\/p>\n\n\n\n<div class=\"wp-block-group is-layout-grid wp-container-core-group-is-layout-e766bbef wp-block-group-is-layout-grid\">\n<p class=\"wp-container-content-bfbf5994\"><a href=\"https:\/\/7c5ew.r.a.d.sendibm1.com\/mk\/mr\/sh\/SMJz09SDriOHWnxeUgrlPi0RRySa\/GkvGLH1W7uTY\" target=\"_blank\" rel=\"noreferrer noopener\">Planning, Design, Construction <br>(in English with limited French language assistance)<\/a><\/p>\n\n\n\n<p class=\"wp-container-content-e5e7070b\">Bob Gubernick, USFS<br>Michael Moore, terraforme<br>Antoine Werochowski, R\u00e9seaux Rivi\u00e8res<\/p>\n\n\n\n<p class=\"wp-container-content-725258bd\">Saumur (49)<\/p>\n<\/div>\n\n\n\n<p><strong>7-9 octobre 2025<\/strong><\/p>\n\n\n\n<div class=\"wp-block-group is-layout-grid wp-container-core-group-is-layout-e766bbef wp-block-group-is-layout-grid\">\n<p class=\"wp-container-content-bfbf5994\"><a href=\"https:\/\/7c5ew.r.a.d.sendibm1.com\/mk\/mr\/sh\/SMJz09SDriOHWnxeUgrlPi0RRySa\/GkvGLH1W7uTY\" target=\"_blank\" rel=\"noreferrer noopener\">Planning, Design, Construction <br>(in English with limited French language assistance) <br>10 october, optional extension to visit past project sites<\/a><\/p>\n\n\n\n<p class=\"wp-container-content-e5e7070b\">Bob Gubernick, USFS<br>Michael Moore, terraforme<br>Antoine Werochowski, R\u00e9seaux Rivi\u00e8res<\/p>\n\n\n\n<p class=\"wp-container-content-725258bd\">Nantua (01)<\/p>\n<\/div>\n\n\n\n<p><\/p>\n","protected":false},"excerpt":{"rendered":"<p>Avec R\u00e9seaux Rivi\u00e8res, nous proposons des formations sur la pr\u00e9paration des march\u00e9s, la conception et la r\u00e9alisation des chantiers utilisant du Gros Bois. Ces formations offrent aux gestionnaires, t\u00e9chniciens et ing\u00e9nieurs en France la transmission d\u2019expertise et d&#8217;exp\u00e9rience des praticiens d&#8217;autres pays ou ces pratiques sont courantes depuis des d\u00e9c\u00e9nies. En automne 2025, la premi\u00e8re [&hellip;]<\/p>\n","protected":false},"author":1,"featured_media":55,"parent":0,"menu_order":0,"comment_status":"closed","ping_status":"closed","template":"","meta":{"footnotes":""},"class_list":["post-51","page","type-page","status-publish","has-post-thumbnail","hentry"],"_links":{"self":[{"href":"https:\/\/terraforme.com\/index.php\/wp-json\/wp\/v2\/pages\/51","targetHints":{"allow":["GET"]}}],"collection":[{"href":"https:\/\/terraforme.com\/index.php\/wp-json\/wp\/v2\/pages"}],"about":[{"href":"https:\/\/terraforme.com\/index.php\/wp-json\/wp\/v2\/types\/page"}],"author":[{"embeddable":true,"href":"https:\/\/terraforme.com\/index.php\/wp-json\/wp\/v2\/users\/1"}],"replies":[{"embeddable":true,"href":"https:\/\/terraforme.com\/index.php\/wp-json\/wp\/v2\/comments?post=51"}],"version-history":[{"count":19,"href":"https:\/\/terraforme.com\/index.php\/wp-json\/wp\/v2\/pages\/51\/revisions"}],"predecessor-version":[{"id":81,"href":"https:\/\/terraforme.com\/index.php\/wp-json\/wp\/v2\/pages\/51\/revisions\/81"}],"wp:featuredmedia":[{"embeddable":true,"href":"https:\/\/terraforme.com\/index.php\/wp-json\/wp\/v2\/media\/55"}],"wp:attachment":[{"href":"https:\/\/terraforme.com\/index.php\/wp-json\/wp\/v2\/media?parent=51"}],"curies":[{"name":"wp","href":"https:\/\/api.w.org\/{rel}","templated":true}]}}